 7. Let r be k(q). What are the prime factors of (r/10)/(2/(-16))?
2, 29
Suppose 3*x - 34 = 5*j, -2*x = -3*j + 8*j + 19. Suppose x*h - 236 = -5*r, -2*h + 4*r = -6*h + 312. Let q = -55 + h. What are the prime factors of q?
2, 11
Suppose -5*h + 22 + 8 = 0. What are the prime factors of (-3826)/(-6) - h/9?
7, 13
Suppose 2*o = -152*k + 150*k + 11286, 3*k - 11286 = -2*o. What are the prime factors of o?
3, 11, 19
Suppose 2*v = 2*n + 1930, 7*v - 3*n + 2865 = 10*v. Suppose -v*u + 1902 = -958*u. List the prime factors of u.
3, 317
Let k be ((-11)/((-22)/12))/((-36)/24). List the prime factors of 190133/114 - k/24.
2, 3, 139
Let a = 2587 + -785. What are the prime factors of a?
2, 17, 53
Let u(k) = -k**2 - 10*k + 10. Let g be u(-11). Let y be -4*(1 - g)*(-1)/(-1). What are the prime factors of y/44 - 963/(-33)?
29
Let l(j) = -j**3 - 3*j**2 + j + 6. Suppose 0 = 4*t + 20, 3*a + 21 + 13 = -5*t. Let p be l(a). Suppose -121 = -p*d + 74. List the prime factors of d.
5, 13
Let p(f) = -26*f**3 - 5*f**2 - 6*f - 27. List the prime factors of p(-5).
2, 17, 23
Suppose 7*o = -31*o + 289180. Suppose -22*x + o = -12*x. What are the prime factors of x?
761
Suppose 4*k - 2116 = -2*s, -4*s + 928 = 4*k - 1180. Suppose -2*v - 55 = -k. List the prime factors of v.
2, 7, 17
Suppose x - 52051 + 6808 = 4*f, 5*x - 2*f = 226107. List the prime factors of x.
3, 15073
Let r(g) = -2*g**3 + 14*g**2 + 11*g + 26. Let v be r(8). What are the prime factors of -12 - v - (-24)/1?
2, 13
Let y = 4 + -1. Suppose -5*t + 7 = 4*a, 3*t - y = 3*a + 12. Suppose 5*u + 2*n - 509 = 0, 5*n = t - 18. What are the prime factors of u?
103
Let x be 6/72*8 - 196/(-3). Let o be 92/22 + (-12)/x. Suppose -4*l = -2*l + g - 159, -5*l + 391 = -o*g. What are the prime factors of l?
79
Suppose 194 = k - 58. What are the prime factors of k - (-8 - -7 - 0)?
11, 23
Suppose -26*b = -20*b. Suppose -3*p + b*c + 2157 = -c, -3*p + 2148 = 2*c. What are the prime factors of p?
2, 359
Let h(r) be the second derivative of r**5/20 + 7*r**4/4 + 11*r**3/3 + 11*r**2/2 - 10*r - 7. What are the prime factors of h(-9)?
5, 157
Suppose 28 = 3*f - 899. Suppose -4*g - 109 + f = 0. Let m = -34 + g. List the prime factors of m.
2
Suppose 3*x - 12 = -5*g + 10, -2*x - 5*g + 23 = 0. Let c(k) = -272*k**3 + 6*k + 5. What are the prime factors of c(x)?
271
Suppose 4*j + 14 = 6. Let x be (-7 - -1) + (-30 - -24). What are the prime factors of 5148/x*j/6?
11, 13
Let k(f) = 29218*f**2 + 9*f - 1. List the prime factors of k(1).
2, 3, 4871
Let m be 252 + (-5 - (2 + 2 + -4)). Let y = 307 - m. List the prime factors of y.
2, 3, 5
Suppose -5*g = -23492 + 4242. Suppose -g = 16*j - 23*j. Suppose -3*f + 4*s - 54 + j = 0, 2*f = 2*s + 332. List the prime factors of f.
2, 3, 7
Suppose 20 = 7*n + 27. What are the prime factors of (48846/252)/(n/(-6))?
1163
Suppose 0 = -3*h, -6*y + 5635 = -y + 3*h. Suppose 3*g = p - 616, -y = -3*p + g + 689. What are the prime factors of p?
2, 151
Let q(t) = 16*t**3 + 5*t**2 - 14*t - 30. What are the prime factors of q(8)?
2, 3, 5, 31
What are the prime factors of -1354*((-189)/(-72))/(6/(-8))?
7, 677
Suppose 5*t = -b + 70, -2*t + 1 = 2*b - 27. List the prime factors of t/(-6) + 84966/126.
2, 3, 7
Let n = -366 + 366. Let o(r) = -40*r + 3. Let z be o(-3). Suppose 2*d - z - 13 = n. List the prime factors of d.
2, 17
List the prime factors of 1456 - 1452 - ((-14712)/1)/1.
2, 13, 283
List the prime factors of (-4)/(-18) + 5 + 499664/72.
3, 5, 463
Suppose 3*a = -3*j + j - 164, -3*j + a = 235. Let y = -91 - j. List the prime factors of 2/8 - 369/y.
31
Let v(a) = 26*a**2 + 133*a - 414. List the prime factors of v(-41).
3, 12613
Let x = -51 - -117. Suppose -37*l + 26*l = -x. What are the prime factors of 1264/10 + (168/30 - l)?
2, 3, 7
Suppose 3*p = 5*a - 33 - 9, -13 = -2*a + 5*p. Suppose 2*y = a*y + 931. Let s = y - -310. List the prime factors of s.
3, 59
Let s = -178 - -191. Let h = s - -37. What are the prime factors of h?
2, 5
Suppose -8*a = -5*a - 9, 45 = -3*g - a. Let d be 4/g*0 + 2. Suppose p + p - 4 = 0, d*p = -u + 32. What are the prime factors of u?
2, 7
Let l(n) = n**2 - n - 85. Let a be l(-9). List the prime factors of (3 - a) + 7 - (-3 - 1092).
2, 5, 11
Suppose -5*l + m = -24, -m - 13 = 5*l - 39. Suppose l*x - 566 = -2*a + 919, -a + 5*x = -765. What are the prime factors of a?
2, 3, 5
Let q = 3912 + -3306. What are the prime factors of q?
2, 3, 101
Let s = 701 - 678. Suppose -3*m + 319 - 19 = 0. Suppose s = t - m. What are the prime factors of t?
3, 41
Let t(k) = k**3 - 8*k**2 - 9*k + 15. Suppose 120 = -21*h + 25*h. Let b be -2 + (-10)/(-6) - (-280)/h. What are the prime factors of t(b)?
3, 5
Let m(a) = -269*a + 2328. What are the prime factors of m(-11)?
17, 311
Suppose 960 = -5*g + 2*p - 724, -4*g - 1342 = p. Let x = g + 685. List the prime factors of x.
349
Let m = -2 - 9. Let w(j) be the second derivative of -j**5/20 - j**4 - 5*j**3/3 + 14*j**2 + 99*j - 1. List the prime factors of w(m).
17
Let i(r) = -3*r - 40. Let o be i(-12). Let g(a) = -a**3 + 14*a**2 + 9. Let h be g(14). What are the prime factors of 0*o/(-20) + h?
3
Suppose 17*d - 16*d - 9909 = -5*w, -3*d + 29709 = -3*w. List the prime factors of d.
2, 619
Suppose 26*s - 7020 = 2444. Let p = s + -358. What are the prime factors of p?
2, 3
Suppose 11 + 5 = f + 3*u, 0 = 2*f + u - 12. Suppose 2*l - 6*l = -3*p + 21, -f*p + 2*l = -18. What are the prime factors of p*(32/6 + 1)?
19
Let x(c) = 2*c - 21. Let p be x(-13). Let a = 48 + p. What are the prime factors of 67 + 19 - a*(-2)/2?
3, 29
What are the prime factors of -1 - (0 - -1553)*(-14 - -27)/(-13)?
2, 97
Let d = -7537 + 10376. List the prime factors of d.
17, 167
Let u(m) = 61*m**2 - 30*m - 13. Let y be u(6). Suppose 2*w - 1260 = -4*l, 4*l - 103 + y = 3*w. List the prime factors of w.
2, 79
Let n(i) = i + 1. Let z(c) = -2*c + 7. Let q(r) = 6*n(r) - 2*z(r). Let k(y) = 21*y - 17. Let a(l) = 2*k(l) - 5*q(l). What are the prime factors of a(-3)?
2, 3, 5
Let j be (-19)/(82/288 + (-14)/63). Let n = j + 508. What are the prime factors of n?
2, 3, 17
Let z(r) = r**3 + 6*r**2 - 6*r + 11. Let n = -50 - -43. Let q be z(n). Suppose -2*c + 262 = q*v, -2*v + 3*c = -2*c - 161. What are the prime factors of v?
2, 17
Suppose -2*b = b - 3198. Let w = 1623 - b. What are the prime factors of w?
557
Suppose 5*w = s - 52, 2*w - 6*w - 48 = -4*s. Let n be (1/2*w)/(-1). Suppose -111 + 26 = -n*m. List the prime factors of m.
17
Suppose 62*d = 63*d + 80. Let v = 210 + d. List the prime factors of v.
2, 5, 13
Let z be (-27)/12*(-32)/(-12). Let h be (-4)/4*z*2/3. Suppose 2*d - 294 = -3*b, -b + 329 + 269 = h*d. What are the prime factors of d?
2, 3, 5
Suppose a = -5*u + 3923, 11*a + 5*u = 6*a + 19695. What are the prime factors of a?
3943
Let j be (0 - (-2 + 1))*44/(-44). Suppose -6 = -3*k + k. List the prime factors of j + (k - -16 - -3).
3, 7
Let g(z) = 6*z**3 + 2*z**2 + 40*z - 94. What are the prime factors of g(20)?
2, 3, 37, 223
Let d = -260 + 2042. List the prime factors of d.
2, 3, 11
Let v(r) = -8*r**3 - 144*r**2 + 128*r + 209. List the prime factors of v(-25).
32009
Let w = 2088 - 1168. What are the prime factors of w?
2, 5, 23
Suppose j = -32*s + 24728, 6*j - 4*s + 24868 = 7*j. List the prime factors of j.
2, 3, 17, 61
Let t(k) = 6 - 3 + 7 - 2 + 49*k. Let u(c) = -25*c - 4. Let h(x) = -6*t(x) - 13*u(x). List the prime factors of h(3).
97
Suppose -28*j - 2*x = -27*j - 45323, 3*j - 135966 = -3*x. List the prime factors of j.
3, 15107
Suppose 37*d = 2*x + 41*d - 28260, -5*x = 4*d - 70638. List the prime factors of x.
2, 7, 1009
Let z(d) = -1049*d + 268. List the prime factors of z(-1).
3, 439
Suppose -47*k = -1281109 - 388519. List the prime factors of k.
2, 83, 107
Let a = 17405 - 8269. List the prime factors of a.
2, 571
Suppose 13*n - 3*n = -630. Let r = n + 365. What are the prime factors of r?
2, 151
Let t(h) = -3531*h + 34. Let o be t(-2). List the prime factors of (-15)/(-5 + o/1424).
2, 5, 89
Let o(g) be the third derivative of 1/40*g**6 + 13*g**2 - g**3 + 0*g**5 + 0 + 0*g + 1/8*g**4. List the prime factors of o(3).
2, 3, 7
List the prime factors of 8 - ((-8)/(-10))/(10 - (-726202)/(-72620)).
2, 227
Let b(a) = 2*a**3 - 10*a**2 - 10*a - 87. Let z be b(10). Let f = z - -625. What are the prime factors of f?
2, 719
Let y = -